{"id":25,"date":"2025-09-15T12:49:46","date_gmt":"2025-09-15T15:49:46","guid":{"rendered":"http:\/\/localhost\/CAN\/?page_id=25"},"modified":"2025-09-22T10:53:39","modified_gmt":"2025-09-22T13:53:39","slug":"masterbatches","status":"publish","type":"page","link":"https:\/\/colorandino.com.pe\/index.php\/masterbatches\/","title":{"rendered":"Masterbatches"},"content":{"rendered":"\t\t<div data-elementor-type=\"wp-page\" data-elementor-id=\"25\" class=\"elementor elementor-25\" data-elementor-settings=\"{&quot;ha_cmc_init_switcher&quot;:&quot;no&quot;}\" data-elementor-post-type=\"page\">\n\t\t\t\t<div class=\"elementor-element elementor-element-b74ea50 e-con-full e-flex e-con e-parent\" data-id=\"b74ea50\" data-element_type=\"container\" data-settings=\"{&quot;_ha_eqh_enable&quot;:false}\">\n\t\t<div class=\"elementor-element elementor-element-6a8541d e-con-full e-flex e-con e-child\" data-id=\"6a8541d\" data-element_type=\"container\" data-settings=\"{&quot;background_background&quot;:&quot;classic&quot;,&quot;_ha_eqh_enable&quot;:false}\">\n\t\t<div class=\"elementor-element elementor-element-6661023 e-flex e-con-boxed e-con e-child\" data-id=\"6661023\" data-element_type=\"container\" data-settings=\"{&quot;_ha_eqh_enable&quot;:false}\">\n\t\t\t\t\t<div class=\"e-con-inner\">\n\t\t\t\t<div class=\"elementor-element elementor-element-ed8aafc elementor-widget elementor-widget-heading\" data-id=\"ed8aafc\" data-element_type=\"widget\" data-widget_type=\"heading.default\">\n\t\t\t\t\t<h2 class=\"elementor-heading-title elementor-size-default\">Masterbatches<\/h2>\t\t\t\t<\/div>\n\t\t\t\t\t<\/div>\n\t\t\t\t<\/div>\n\t\t\t\t<\/div>\n\t\t\t\t<\/div>\n\t\t<div class=\"elementor-element elementor-element-a566cd3 e-flex e-con-boxed e-con e-parent\" data-id=\"a566cd3\" data-element_type=\"container\" data-settings=\"{&quot;_ha_eqh_enable&quot;:false}\">\n\t\t\t\t\t<div class=\"e-con-inner\">\n\t\t<div class=\"elementor-element elementor-element-ced8388 e-con-full e-flex e-con e-child\" data-id=\"ced8388\" data-element_type=\"container\" data-settings=\"{&quot;background_background&quot;:&quot;classic&quot;,&quot;_ha_eqh_enable&quot;:false}\">\n\t\t<div class=\"elementor-element elementor-element-78a731c e-con-full e-flex e-con e-child\" data-id=\"78a731c\" data-element_type=\"container\" data-settings=\"{&quot;background_background&quot;:&quot;classic&quot;,&quot;_ha_eqh_enable&quot;:false}\">\n\t\t\t\t<div class=\"elementor-element elementor-element-6a2c0fb elementor-widget elementor-widget-heading\" data-id=\"6a2c0fb\" data-element_type=\"widget\" data-widget_type=\"heading.default\">\n\t\t\t\t\t<h2 class=\"elementor-heading-title elementor-size-default\">Concentrados de pigmentos y aditivos\nMasterbatch para la industria del pl\u00e1stico<\/h2>\t\t\t\t<\/div>\n\t\t\t\t<\/div>\n\t\t\t\t<\/div>\n\t\t\t\t\t<\/div>\n\t\t\t\t<\/div>\n\t\t<div class=\"elementor-element elementor-element-226054e e-flex e-con-boxed e-con e-parent\" data-id=\"226054e\" data-element_type=\"container\" data-settings=\"{&quot;_ha_eqh_enable&quot;:false}\">\n\t\t\t\t\t<div class=\"e-con-inner\">\n\t\t<div class=\"elementor-element elementor-element-5b41bbf e-con-full e-flex e-con e-child\" data-id=\"5b41bbf\" data-element_type=\"container\" data-settings=\"{&quot;_ha_eqh_enable&quot;:false}\">\n\t\t<div class=\"elementor-element elementor-element-5256c70 e-con-full e-flex e-con e-child\" data-id=\"5256c70\" data-element_type=\"container\" data-settings=\"{&quot;_ha_eqh_enable&quot;:false}\">\n\t\t\t\t<div class=\"elementor-element elementor-element-0169421 elementor-widget elementor-widget-image\" data-id=\"0169421\" data-element_type=\"widget\" data-widget_type=\"image.default\">\n\t\t\t\t\t\t\t\t\t\t\t\t\t\t\t\t<a href=\"https:\/\/topcolor.com\/masterbatch-colores\/\">\n\t\t\t\t\t\t\t<img decoding=\"async\" width=\"178\" height=\"184\" src=\"https:\/\/colorandino.com.pe\/wp-content\/uploads\/2025\/09\/bolsa-colores-1.png\" class=\"attachment-large size-large wp-image-30\" alt=\"\" \/>\t\t\t\t\t\t\t\t<\/a>\n\t\t\t\t\t\t\t\t\t\t\t\t\t\t\t<\/div>\n\t\t\t\t<div class=\"elementor-element elementor-element-840bada elementor-widget elementor-widget-image\" data-id=\"840bada\" data-element_type=\"widget\" data-widget_type=\"image.default\">\n\t\t\t\t\t\t\t\t\t\t\t\t\t\t\t\t<a href=\"https:\/\/colorandino.com.pe\/index.php\/masterbatch-colores\/\">\n\t\t\t\t\t\t\t<img decoding=\"async\" width=\"150\" height=\"150\" src=\"https:\/\/colorandino.com.pe\/wp-content\/uploads\/2025\/09\/icon-mas-1.png\" class=\"attachment-thumbnail size-thumbnail wp-image-31\" alt=\"\" \/>\t\t\t\t\t\t\t\t<\/a>\n\t\t\t\t\t\t\t\t\t\t\t\t\t\t\t<\/div>\n\t\t\t\t<div class=\"elementor-element elementor-element-be68687 elementor-widget elementor-widget-heading\" data-id=\"be68687\" data-element_type=\"widget\" data-widget_type=\"heading.default\">\n\t\t\t\t\t<h2 class=\"elementor-heading-title elementor-size-default\"><a href=\"https:\/\/topcolor.com\/masterbatch-colores\/\">Masterbatch Colores<\/a><\/h2>\t\t\t\t<\/div>\n\t\t\t\t<\/div>\n\t\t<div class=\"elementor-element elementor-element-25e9a03 e-con-full e-flex e-con e-child\" data-id=\"25e9a03\" data-element_type=\"container\" data-settings=\"{&quot;_ha_eqh_enable&quot;:false}\">\n\t\t\t\t<div class=\"elementor-element elementor-element-9ff32c0 elementor-widget elementor-widget-image\" data-id=\"9ff32c0\" data-element_type=\"widget\" data-widget_type=\"image.default\">\n\t\t\t\t\t\t\t\t\t\t\t\t\t\t\t\t<a href=\"https:\/\/topcolor.com\/masterbatches-carga-mineral\/\">\n\t\t\t\t\t\t\t<img decoding=\"async\" width=\"178\" height=\"184\" src=\"https:\/\/colorandino.com.pe\/wp-content\/uploads\/2025\/09\/bolsa-resinas-1.png\" class=\"attachment-large size-large wp-image-32\" alt=\"\" \/>\t\t\t\t\t\t\t\t<\/a>\n\t\t\t\t\t\t\t\t\t\t\t\t\t\t\t<\/div>\n\t\t\t\t<div class=\"elementor-element elementor-element-03a5559 elementor-widget elementor-widget-image\" data-id=\"03a5559\" data-element_type=\"widget\" data-widget_type=\"image.default\">\n\t\t\t\t\t\t\t\t\t\t\t\t\t\t\t\t<a href=\"https:\/\/colorandino.com.pe\/index.php\/masterbatches-carga-mineral\/\">\n\t\t\t\t\t\t\t<img decoding=\"async\" width=\"150\" height=\"150\" src=\"https:\/\/colorandino.com.pe\/wp-content\/uploads\/2025\/09\/icon-mas-1.png\" class=\"attachment-thumbnail size-thumbnail wp-image-31\" alt=\"\" \/>\t\t\t\t\t\t\t\t<\/a>\n\t\t\t\t\t\t\t\t\t\t\t\t\t\t\t<\/div>\n\t\t\t\t<div class=\"elementor-element elementor-element-e672df3 elementor-widget elementor-widget-heading\" data-id=\"e672df3\" data-element_type=\"widget\" data-widget_type=\"heading.default\">\n\t\t\t\t\t<h2 class=\"elementor-heading-title elementor-size-default\"><a href=\"https:\/\/topcolor.com\/masterbatches-carga-mineral\/\">Carga Mineral<\/a><\/h2>\t\t\t\t<\/div>\n\t\t\t\t<\/div>\n\t\t<div class=\"elementor-element elementor-element-59bd047 e-con-full e-flex e-con e-child\" data-id=\"59bd047\" data-element_type=\"container\" data-settings=\"{&quot;_ha_eqh_enable&quot;:false}\">\n\t\t\t\t<div class=\"elementor-element elementor-element-92c2e62 elementor-widget elementor-widget-image\" data-id=\"92c2e62\" data-element_type=\"widget\" data-widget_type=\"image.default\">\n\t\t\t\t\t\t\t\t\t\t\t\t\t\t\t\t<a href=\"https:\/\/topcolor.com\/masterbatch-negro\/\">\n\t\t\t\t\t\t\t<img loading=\"lazy\" decoding=\"async\" width=\"178\" height=\"184\" src=\"https:\/\/colorandino.com.pe\/wp-content\/uploads\/2025\/09\/bolsa-negro-1.png\" class=\"attachment-large size-large wp-image-34\" alt=\"\" \/>\t\t\t\t\t\t\t\t<\/a>\n\t\t\t\t\t\t\t\t\t\t\t\t\t\t\t<\/div>\n\t\t\t\t<div class=\"elementor-element elementor-element-270f610 elementor-widget elementor-widget-image\" data-id=\"270f610\" data-element_type=\"widget\" data-widget_type=\"image.default\">\n\t\t\t\t\t\t\t\t\t\t\t\t\t\t\t\t<a href=\"https:\/\/colorandino.com.pe\/index.php\/masterbatch-negro\/\">\n\t\t\t\t\t\t\t<img decoding=\"async\" width=\"150\" height=\"150\" src=\"https:\/\/colorandino.com.pe\/wp-content\/uploads\/2025\/09\/icon-mas-1.png\" class=\"attachment-thumbnail size-thumbnail wp-image-31\" alt=\"\" \/>\t\t\t\t\t\t\t\t<\/a>\n\t\t\t\t\t\t\t\t\t\t\t\t\t\t\t<\/div>\n\t\t\t\t<div class=\"elementor-element elementor-element-185de7f elementor-widget elementor-widget-heading\" data-id=\"185de7f\" data-element_type=\"widget\" data-widget_type=\"heading.default\">\n\t\t\t\t\t<h2 class=\"elementor-heading-title elementor-size-default\"><a href=\"https:\/\/topcolor.com\/masterbatch-negro\/\">Masterbatch Negro<\/a><\/h2>\t\t\t\t<\/div>\n\t\t\t\t<\/div>\n\t\t<div class=\"elementor-element elementor-element-142770f e-con-full e-flex e-con e-child\" data-id=\"142770f\" data-element_type=\"container\" data-settings=\"{&quot;_ha_eqh_enable&quot;:false}\">\n\t\t\t\t<div class=\"elementor-element elementor-element-e93721c elementor-widget elementor-widget-image\" data-id=\"e93721c\" data-element_type=\"widget\" data-widget_type=\"image.default\">\n\t\t\t\t\t\t\t\t\t\t\t\t\t\t\t\t<a href=\"https:\/\/topcolor.com\/masterbatch-blanco\/\">\n\t\t\t\t\t\t\t<img loading=\"lazy\" decoding=\"async\" width=\"178\" height=\"184\" src=\"https:\/\/colorandino.com.pe\/wp-content\/uploads\/2025\/09\/bolsa-blanco-1.png\" class=\"attachment-large size-large wp-image-35\" alt=\"\" \/>\t\t\t\t\t\t\t\t<\/a>\n\t\t\t\t\t\t\t\t\t\t\t\t\t\t\t<\/div>\n\t\t\t\t<div class=\"elementor-element elementor-element-2cececb elementor-widget elementor-widget-image\" data-id=\"2cececb\" data-element_type=\"widget\" data-widget_type=\"image.default\">\n\t\t\t\t\t\t\t\t\t\t\t\t\t\t\t\t<a href=\"https:\/\/colorandino.com.pe\/index.php\/masterbatch-blanco\/\">\n\t\t\t\t\t\t\t<img decoding=\"async\" width=\"150\" height=\"150\" src=\"https:\/\/colorandino.com.pe\/wp-content\/uploads\/2025\/09\/icon-mas-1.png\" class=\"attachment-thumbnail size-thumbnail wp-image-31\" alt=\"\" \/>\t\t\t\t\t\t\t\t<\/a>\n\t\t\t\t\t\t\t\t\t\t\t\t\t\t\t<\/div>\n\t\t\t\t<div class=\"elementor-element elementor-element-c4f436b elementor-widget elementor-widget-heading\" data-id=\"c4f436b\" data-element_type=\"widget\" data-widget_type=\"heading.default\">\n\t\t\t\t\t<h2 class=\"elementor-heading-title elementor-size-default\"><a href=\"https:\/\/topcolor.com\/masterbatch-blanco\/\">Masterbatch Blanco<\/a><\/h2>\t\t\t\t<\/div>\n\t\t\t\t<\/div>\n\t\t\t\t<\/div>\n\t\t\t\t\t<\/div>\n\t\t\t\t<\/div>\n\t\t<div class=\"elementor-element elementor-element-fc8f6ab e-con-full e-flex e-con e-parent\" data-id=\"fc8f6ab\" data-element_type=\"container\" data-settings=\"{&quot;_ha_eqh_enable&quot;:false}\">\n\t\t<div class=\"elementor-element elementor-element-6eb193f e-con-full e-flex e-con e-child\" data-id=\"6eb193f\" data-element_type=\"container\" data-settings=\"{&quot;background_background&quot;:&quot;classic&quot;,&quot;_ha_eqh_enable&quot;:false}\">\n\t\t<div class=\"elementor-element elementor-element-bebf926 e-flex e-con-boxed e-con e-child\" data-id=\"bebf926\" data-element_type=\"container\" data-settings=\"{&quot;_ha_eqh_enable&quot;:false}\">\n\t\t\t\t\t<div class=\"e-con-inner\">\n\t\t<div class=\"elementor-element elementor-element-e8ef527 e-con-full e-flex e-con e-child\" data-id=\"e8ef527\" data-element_type=\"container\" data-settings=\"{&quot;_ha_eqh_enable&quot;:false}\">\n\t\t\t\t<div class=\"elementor-element elementor-element-672d686 elementor-widget elementor-widget-heading\" data-id=\"672d686\" data-element_type=\"widget\" data-widget_type=\"heading.default\">\n\t\t\t\t\t<h2 class=\"elementor-heading-title elementor-size-default\">MATERBATCHES<br>\nADITIVOS<\/h2>\t\t\t\t<\/div>\n\t\t\t\t<div class=\"elementor-element elementor-element-d77e12b elementor-widget elementor-widget-text-editor\" data-id=\"d77e12b\" data-element_type=\"widget\" data-widget_type=\"text-editor.default\">\n\t\t\t\t\t\t\t\t\t<p>En el proceso de fabricaci\u00f3n, los pl\u00e1sticos contienen cantidades peque\u00f1as de otros materiales ajenos, como son emulsionantes y catalizadores. Los aditivos facilitan su transformaci\u00f3n o modifican sus propiedades.<\/p>\t\t\t\t\t\t\t\t<\/div>\n\t\t\t\t<\/div>\n\t\t<div class=\"elementor-element elementor-element-1c9e3f5 e-con-full e-flex e-con e-child\" data-id=\"1c9e3f5\" data-element_type=\"container\" data-settings=\"{&quot;_ha_eqh_enable&quot;:false}\">\n\t\t\t\t<div class=\"elementor-element elementor-element-cc49924 elementor-widget elementor-widget-image\" data-id=\"cc49924\" data-element_type=\"widget\" data-widget_type=\"image.default\">\n\t\t\t\t\t\t\t\t\t\t\t\t\t\t\t<img loading=\"lazy\" decoding=\"async\" width=\"246\" height=\"330\" src=\"https:\/\/colorandino.com.pe\/wp-content\/uploads\/2025\/09\/bolsa-aditivos-e1747257429490-1.png\" class=\"attachment-large size-large wp-image-37\" alt=\"\" \/>\t\t\t\t\t\t\t\t\t\t\t\t\t\t\t<\/div>\n\t\t\t\t<\/div>\n\t\t\t\t\t<\/div>\n\t\t\t\t<\/div>\n\t\t\t\t<\/div>\n\t\t\t\t<\/div>\n\t\t\t\t<\/div>\n\t\t","protected":false},"excerpt":{"rendered":"<p>Masterbatches Concentrados de pigmentos y aditivos Masterbatch para la industria del pl\u00e1stico Masterbatch Colores Carga Mineral Masterbatch Negro Masterbatch Blanco MATERBATCHES ADITIVOS En el proceso de fabricaci\u00f3n, los pl\u00e1sticos contienen cantidades peque\u00f1as de otros materiales ajenos, como son emulsionantes y catalizadores. Los aditivos facilitan su transformaci\u00f3n o modifican sus propiedades.<\/p>\n","protected":false},"author":1,"featured_media":0,"parent":0,"menu_order":0,"comment_status":"closed","ping_status":"closed","template":"","meta":{"_joinchat":[],"footnotes":""},"class_list":["post-25","page","type-page","status-publish","hentry"],"_links":{"self":[{"href":"https:\/\/colorandino.com.pe\/index.php\/wp-json\/wp\/v2\/pages\/25","targetHints":{"allow":["GET"]}}],"collection":[{"href":"https:\/\/colorandino.com.pe\/index.php\/wp-json\/wp\/v2\/pages"}],"about":[{"href":"https:\/\/colorandino.com.pe\/index.php\/wp-json\/wp\/v2\/types\/page"}],"author":[{"embeddable":true,"href":"https:\/\/colorandino.com.pe\/index.php\/wp-json\/wp\/v2\/users\/1"}],"replies":[{"embeddable":true,"href":"https:\/\/colorandino.com.pe\/index.php\/wp-json\/wp\/v2\/comments?post=25"}],"version-history":[{"count":37,"href":"https:\/\/colorandino.com.pe\/index.php\/wp-json\/wp\/v2\/pages\/25\/revisions"}],"predecessor-version":[{"id":373,"href":"https:\/\/colorandino.com.pe\/index.php\/wp-json\/wp\/v2\/pages\/25\/revisions\/373"}],"wp:attachment":[{"href":"https:\/\/colorandino.com.pe\/index.php\/wp-json\/wp\/v2\/media?parent=25"}],"curies":[{"name":"wp","href":"https:\/\/api.w.org\/{rel}","templated":true}]}}